late the remainder when 5685035 is divided by 361.
7
Calculate the remainder when 1165039 is divided by 5444.
23
What is the remainder when 119835 is divided by 1299?
327
Calculate the remainder when 1466510 is divided by 666.
644
Calculate the remainder when 350522 is divided by 116661.
539
What is the remainder when 25965515 is divided by 29?
17
Calculate the remainder when 11354529 is divided by 45.
39
Calculate the remainder when 76841 is divided by 10935.
296
What is the remainder when 1063788 is divided by 377?
271
Calculate the remainder when 12296 is divided by 5528.
1240
What is the remainder when 21120240 is divided by 281603?
15
What is the remainder when 34908 is divided by 4958?
202
Calculate the remainder when 30370 is divided by 9814.
928
What is the remainder when 1587767 is divided by 156?
155
Calculate the remainder when 4242040 is divided by 1060502.
32
Calculate the remainder when 5938367 is divided by 172.
67
Calculate the remainder when 314692 is divided by 52445.
22
Calculate the remainder when 185047213 is divided by 5.
3
What is the remainder when 1914698 is divided by 812?
2
What is the remainder when 100898 is divided by 49513?
1872
What is the remainder when 1739238 is divided by 398?
376
Calculate the remainder when 2623402 is divided by 10088.
522
What is the remainder when 579092 is divided by 4808?
2132
Calculate the remainder when 7062470 is divided by 437.
113
What is the remainder when 6369881 is divided by 40062?
23
Calculate the remainder when 277154 is divided by 17230.
1474
Calculate the remainder when 1734 is divided by 1247.
487
What is the remainder when 663409613 is divided by 85?
83
Calculate the remainder when 3229440 is divided by 2499.
732
What is the remainder when 34523 is divided by 4801?
916
What is the remainder when 15502 is divided by 13344?
2158
Calculate the remainder when 2132142 is divided by 56109.
0
Calculate the remainder when 65114 is divided by 8388.
6398
What is the remainder when 124284 is divided by 6213?
24
What is the remainder when 317720 is divided by 800?
120
Calculate the remainder when 4268272 is divided by 748.
184
Calculate the remainder when 227970 is divided by 225343.
2627
Calculate the remainder when 47014444 is divided by 723299.
9
Calculate the remainder when 335400 is divided by 206.
32
Calculate the remainder when 15017645 is divided by 63634.
21
Calculate the remainder when 799544 is divided by 435.
14
Calculate the remainder when 141802 is divided by 3152.
3114
Calculate the remainder when 14200 is divided by 1019.
953
What is the remainder when 559391 is divided by 559374?
17
Calculate the remainder when 642383 is divided by 42.
35
Calculate the remainder when 16665613 is divided by 5555188.
49
Calculate the remainder when 129680 is divided by 32405.
60
What is the remainder when 639571 is divided by 2840?
571
What is the remainder when 4154288 is divided by 85?
83
What is the remainder when 105532774 is divided by 53?
22
What is the remainder when 531425 is divided by 203?
174
What is the remainder when 13001907 is divided by 481549?
84
Calculate the remainder when 104880 is divided by 2861.
1884
What is the remainder when 12226318 is divided by 1113?
13
Calculate the remainder when 1994798 is divided by 73881.
11
Calculate the remainder when 13517159 is divided by 1931022.
5
Calculate the remainder when 3332233 is divided by 666383.
318
Calculate the remainder when 125573615 is divided by 72.
71
What is the remainder when 23849483 is divided by 4142?
3989
Calculate the remainder when 636569 is divided by 23547.
800
What is the remainder when 95494 is divided by 1307?
83
What is the remainder when 46746 is divided by 14570?
3036
What is the remainder when 32257718 is divided by 767?
766
What is the remainder when 20969542 is divided by 59?
57
What is the remainder when 30499 is divided by 10140?
79
Calculate the remainder when 16294 is divided by 1307.
610
What is the remainder when 16721260 is divided by 1012?
996
What is the remainder when 91260 is divided by 10109?
279
Calculate the remainder when 5074034 is divided by 169127.
224
Calculate the remainder when 26185 is divided by 1004.
81
What is the remainder when 146817 is divided by 11268?
333
Calculate the remainder when 262667 is divided by 1516.
399
Calculate the remainder when 66776 is divided by 2455.
491
What is the remainder when 10074173 is divided by 279838?
5
Calculate the remainder when 2181242 is divided by 1603.
1162
Calculate the remainder when 3029227 is divided by 1837.
14
What is the remainder when 1417459 is divided by 3351?
3337
Calculate the remainder when 2897596 is divided by 1600.
1596
Calculate the remainder when 386477 is divided by 1046.
503
What is the remainder when 753702 is divided by 753689?
13
What is the remainder when 8553724 is divided by 61?
60
Calculate the remainder when 309519 is divided by 154727.
65
What is the remainder when 4783049 is divided by 1144?
1129
Calculate the remainder when 115244 is divided by 114474.
770
Calculate the remainder when 15193675 is divided by 1740.
1735
What is the remainder when 278160 is divided by 1320?
960
What is the remainder when 8581 is divided by 2785?
226
What is the remainder when 835746 is divided by 1437?
849
What is the remainder when 5680727 is divided by 15?
2
Calculate the remainder when 1593016 is divided by 11800.
16
Calculate the remainder when 237734728 is divided by 90.
88
Calculate the remainder when 14693734 is divided by 12.
10
Calculate the remainder when 12154480 is divided by 2414.
2404
What is the remainder when 87869554 is divided by 27?
25
What is the remainder when 99569 is divided by 4503?
503
What is the remainder when 26026289 is divided by 791?
16
Calculate the remainder when 950148 is divided by 475074.
0
Calculate the remainder when 465164 is divided by 10537.
1536
What is the remainder when 79932583 is divided by 452?
451
What is the remainder when 5253362 is divided by 99120?
2
What is the remainder when 1058648302 is divided by 42?
40
Calculate the remainder when 456626 is divided by 113431.
2902
What is the remainder when 16395655 is divided by 5465218?
1
What is the remainder when 260898 is divided by 65220?
18
Calculate the remainder when 1561087 is divided by 818.
343
What is the remainder when 15174543 is divided by 4796?
4795
Calculate the remainder when 132617712 is divided by 227.
226
What is the remainder when 130803 is divided by 658?
519
Calculate the remainder when 212947 is divided by 53230.
27
Calculate the remainder when 823624 is divided by 11936.
40
Calculate the remainder when 24776 is divided by 48.
8
What is the remainder when 972581 is divided by 5575?
2531
What is the remainder when 6956 is divided by 153?
71
What is the remainder when 37501 is divided by 3385?
266
What is the remainder when 203965 is divided by 101665?
635
Calculate the remainder when 2916027 is divided by 128.
59
What is the remainder when 57536 is divided by 784?
304
Calculate the remainder when 10970549 is divided by 75.
74
What is the remainder when 625821 is divided by 125164?
1
What is the remainder when 1448716 is divided by 3141?
715
What is the remainder when 282086 is divided by 4272?
134
Calculate the remainder when 636065 is divided by 318024.
17
Calculate the remainder when 18144928 is divided by 9072424.
80
Calculate the remainder when 10976566 is divided by 5487785.
996
Calculate the remainder when 5956958 is divided by 53187.
14
Calculate the remainder when 29872717 is divided by 4267530.
7
What is the remainder when 1649094 is divided by 2608?
838
What is the remainder when 261255 is divided by 89?
40
Calculate the remainder when 35010346 is divided by 5111.
5107
Calculate the remainder when 26390 is divided by 605.
375
What is the remainder when 18342053 is divided by 5894?
5819
Calculate the remainder when 397385 is divided by 198680.
25
What is the remainder when 344628 is divided by 143?
141
Calculate the remainder when 2943884 is divided by 5689.
2671
What is the remainder when 44454745 is divided by 71817?
22
Calculate the remainder when 1509626 is divided by 108.
2
Calculate the remainder when 12934839 is divided by 170195.
19
What is the remainder when 70039003 is divided by 2